01210000020111
In base 16, what is -4 + af3175?
af3171
In base 10, what is -2919770 - 3?
-2919773
In base 10, what is -714221 + 46?
-714175
In base 14, what is 31d8 - 1097?
2141
In base 11, what is 114 - 18302?
-18199
In base 6, what is 0 - -104003041011?
104003041011
In base 10, what is 7 - 2779930?
-2779923
In base 5, what is -1430 + -114424411?
-114431341
In base 11, what is 2778a618 - -4?
2778a621
In base 13, what is 27 + -b32873?
-b32849
In base 6, what is 1 - -454321014?
454321015
In base 7, what is -26105 - 156?
-26264
In base 13, what is b + -8322?
-8314
In base 14, what is -b8d50 - -5?
-b8d49
In base 15, what is -a + -c0b4d5?
-c0b4e0
In base 10, what is -3 + 149812227?
149812224
In base 16, what is f91 + f035?
ffc6
In base 14, what is 178a7b90 - 1?
178a7b8d
In base 8, what is -467323 - 25?
-467350
In base 13, what is 5671062 + -5?
567105a
In base 7, what is -13 + -305103?
-305116
In base 3, what is -1200011021 + -11111?
-1200022202
In base 13, what is 1a59ca - b?
1a59bc
In base 6, what is -41 - -1402403?
1402322
In base 3, what is 10 + 21102002212122?
21102002212202
In base 3, what is 21122 + -200012112010?
-200012020111
In base 6, what is -151 + -10320101?
-10320252
In base 4, what is 2311222221132 + 1?
2311222221133
In base 5, what is 34114304110 - -1?
34114304111
In base 6, what is 42 - 104420455?
-104420413
In base 5, what is -23034102123 + 24?
-23034102044
In base 5, what is 0 - 40301103412?
-40301103412
In base 14, what is -3a - 85ad65?
-85ada1
In base 5, what is -422204 - 414022?
-1341231
In base 14, what is 6 + 4bb80ab?
4bb80b3
In base 8, what is 7 + -7507701?
-7507672
In base 5, what is -31 + 14133211?
14133130
In base 13, what is 0 - 127bc035?
-127bc035
In base 15, what is -1573 + -1a0?
-1723
In base 11, what is -6901 - -1179?
-5733
In base 12, what is 505783 - -3b?
505802
In base 15, what is 6 - a5896?
-a5890
In base 7, what is -466002 - 151?
-466153
In base 4, what is -10003332203 + 1?
-10003332202
In base 9, what is 737616 + 44?
737661
In base 12, what is -5 - 101a166?
-101a16b
In base 8, what is -3721650 + 5?
-3721643
In base 6, what is -140430 + -242?
-141112
In base 7, what is 0 + 2434610?
2434610
In base 12, what is 7680 + -11ba?
6482
In base 7, what is -66402221 + 2?
-66402216
In base 3, what is 1221122001110 - -100?
1221122001210
In base 12, what is 17648a5 + 18?
1764901
In base 10, what is -2607 + 1595?
-1012
In base 15, what is -186 + 50a52?
508bb
In base 3, what is 12010211010 + 20201?
12011001211
In base 2, what is 101110001 - 10111001110000000000?
-10111001101010001111
In base 2, what is 11001111001 - -1110111011?
101000110100
In base 5, what is 14 + 31201203?
31201222
In base 2, what is -10111111011011 - -1110101001111?
-1001010001100
In base 6, what is -11 + -434053011?
-434053022
In base 14, what is -55056 + -d8c?
-56004
In base 12, what is 117635 - 149?
1174a8
In base 12, what is -25776 + 2a2?
-25494
In base 14, what is 68d + 2890?
313d
In base 13, what is 7 + 3921284?
392128b
In base 11, what is -10 - 82a81?
-82a91
In base 14, what is -3 + 33cc82?
33cc7d
In base 8, what is -5114753 + 14?
-5114737
In base 10, what is 170 + 984954?
985124
In base 13, what is 28272673 - -3?
28272676
In base 11, what is 10a24862 + 2?
10a24864
In base 10, what is 12599695 + 2?
12599697
In base 5, what is 3324 - 14420?
-11041
In base 7, what is 26245 - 3506?
22436
In base 5, what is 3 + 402133224223?
402133224231
In base 6, what is -55 + -2554315?
-2554414
In base 6, what is -233 - 3522015?
-3522252
In base 8, what is 1306403 + -55?
1306326
In base 9, what is 30304 + -1030?
28264
In base 11, what is -2257032 + -40?
-2257072
In base 14, what is -2 + -48b638?
-48b63a
In base 5, what is -32242011 + 131010?
-32111001
In base 9, what is -505773447 - -2?
-505773445
In base 11, what is 3a684229 + 1?
3a68422a
In base 13, what is 2b5 - 4b25?
-4840
In base 3, what is 120022111 - -10011112?
200111000
In base 10, what is 637 + -12497?
-11860
In base 14, what is d + -137537?
-137528
In base 4, what is 2 + -1330300003321?
-1330300003313
In base 16, what is ead8fe + -4?
ead8fa
In base 8, what is 15 + -6234304?
-6234267
In base 14, what is 1aa - -19a0?
1b6a
In base 5, what is 10000 - 4140033?
-4130033
In base 16, what is 39 + -313f9?
-313c0
In base 16, what is 1ca7c50 - 1?
1ca7c4f
In base 14, what is b51a - 114?
b406
In base 9, what is -5 - 103366538?
-103366544
In base 2, what is -111001000100110000000001 - -11110?
-111001000100101111100011
In base 4, what is -2221030123 - 21?
-2221030210
In base 16, what is 2 + -793d3b8?
-793d3b6
In base 5, what is 11 - -21024324003?
21024324014
In base 3, what is -12120100120110 - -11?
-12120100120022
In base 7, what is -60 + -23515225?
-23515315
In base 4, what is 232330130002 + -2?
232330130000
In base 2, what is 10010110000 + 100000111110011111?
100001010001001111
In base 2, what is 101110101 - -101111110111010?
110000100101111
In base 7, what is -4006522123 - -2?
-4006522121
In base 3, what is 202122200 - -100020000?
1002212200
In base 15, what is -14991 - 450?
-14de1
In base 8, what is 1450 - -2607?
4257
In base 14, what is -22 - 1a88?
-1aaa
In base 9, what is -14030 - 20603?
-34633
In base 5, what is -2 - -1001340340024?
1001340340022
In base 2, what is 11 + -10001011001111011011010010?
-10001011001111011011001111
In base 3, what is 1001 + -121201221222?
-121201220221
In base 14, what is -67a3a8 - -1?
-67a3a7
In base 15, what is 381abe + -7?
381ab7
In base 16, what is -2518a - 27?
-251b1
In base 12, what is -473015 - -a?
-473007
In base 13, what is -167453 + 1c6?
-16725a
In base 2, what is -11 - 10111111110100001010010000?
-10111111110100001010010011
In base 10, what is 15896 + 3246?
19142
In base 8, what is 6264273 - -61?
6264354
In base 6, what is -5 - -442035255?
442035250
In base 9, what is 52888 - -27?
53026
In base 8, what is 6131423 + -35?
6131366
In base 3, what is -110 - -1012202100100?
1012202022220
In base 2, what is -1101101100 + -11100101011110011?
-11100111001011111
In base 6, what is 300243 - 152?
300051
In base 13, what is b44 - 1790?
-949
In base 14, what is 890 - d49?
-499
In base 4, what is -1 - 103020033032?
-103020033033
In base 6, what is -3454 - 413402?
-421300
In base 10, what is -433487093 - 2?
-433487095
In base 4, what is 22 + 201133311111?
201133311133
In base 2, what is -1101000000010111 - -10011010000?
-1100101101000111
In base 14, what is -6 + -6288011?
-6288017
In base 16, what is -1bd8 + -115?
-1ced
In base 11, what is -754487 - 7?
-754493
In base 9, what is 25642824 - -6?
25642831
In base 3, what is 222112001 + 220?
222112221
In base 4, what is 13121201200210 - -3?
13121201200213
In base 11, what is 3 + -143018439?
-143018436
In base 4, what is 21113 + -10031323311?
-10031302132
In base 5, what is 0 - 13441424040?
-13441424040
In base 9, what is -123458 + -3873?
-127442
In base 12, what is -3 - -98550113?
98550110
In base 10, what is 6263 + 814?
7077
In base 4, what is 2 - -2021121213110?
2021121213112
In base 3, what is -201212012101202021 + 1?
-201212012101202020
In base 15, what is -69bd - -1a?
-69a3
In base 16, what is 48cfe - -2c0?
48fbe
In base 10, what is 656407 - -183?
656590
In base 15, what is 571ea - -391?
5758b
In base 6, what is -2052 - -10301?
4205
In base 12, what is -396 - 944a6?
-94880
In base 3, what is -1 - 11212021200210011?
-11212021200210012
In base 16, what is 2926 + -137d?
15a9
In base 6, what is 133441 + 25035?
202520
In base 16, what is 36bcbe - 26?
36bc98
In base 4, what is 1203111112012 - 1?
1203111112011
In base 14, what is 19ca5a + 16?
19ca72
In base 16, what is 1933164 + -3?
1933161
In base 8, what is -11665324 - 4?
-11665330
In base 10, what is -1525341 - -27?
-1525314
In base 16, what is 26 + 2ab7c?
2aba2
In base 2, what is 100001100110 - 101011010100111?
-100111001000001
In base 9, what is 11 - -3181110?
3181121
In base 9, what is -1 + -37273260?
-37273261
In base 13, what is -323 - 1a38?
-205b
In base 15, what is 779b0 + -a?
779a5
In base 6, what is -4413030 + -2425?
-4415455
In base 12, what is 4b535 - a01?
4a734
In base 5, what is -220032 - -1421?
-213111
In base 10, what is -3004177 - -9?
-3004168
In base 8, what is -4 + -5744033?
-5744037
In base 5, what is 243341021 - -4?
243341030
In base 9, what is -181102 - 2241?
-183343
